{"id":4212,"date":"2026-04-08T12:55:59","date_gmt":"2026-04-08T15:55:59","guid":{"rendered":"https:\/\/www.cindylingerie.com.ar\/?post_type=product&#038;p=4212"},"modified":"2026-04-09T16:36:16","modified_gmt":"2026-04-09T19:36:16","slug":"set-daphne","status":"publish","type":"product","link":"https:\/\/www.cindylingerie.com.ar\/index.php\/producto\/set-daphne\/","title":{"rendered":"Set Daphne"},"content":{"rendered":"<p><strong data-start=\"398\" data-end=\"472\">Conjunto Artesanal en Microtul con Flores en Terciopelo<\/strong><br data-start=\"472\" data-end=\"475\" \/><em data-start=\"475\" data-end=\"552\">Corpi\u00f1o estilo top + less regulable. Hecho a mano. Sensualidad t\u00e1ctil.<\/em><\/p>\n<p data-start=\"639\" data-end=\"860\">Este conjunto fue creado para que <strong data-start=\"736\" data-end=\"772\">se sienta tan hermoso como se ve<\/strong>.<br data-start=\"773\" data-end=\"776\" \/>\u2728 Dise\u00f1o exclusivo, edici\u00f3n limitada y 100% artesanal.<br data-start=\"830\" data-end=\"833\" \/><em data-start=\"833\" data-end=\"860\">Lo que ves, no se repite.<\/em><\/p>\n<p data-start=\"639\" data-end=\"860\">Este conjunto est\u00e1 confeccionado en <strong data-start=\"1654\" data-end=\"1674\">microtul liviano<\/strong>, con detalles de <strong data-start=\"1692\" data-end=\"1726\">flores en terciopelo flockeado<\/strong> que generan un relieve suave al tacto y una est\u00e9tica visual elegante y sensual. El <strong data-start=\"1810\" data-end=\"1829\">top<\/strong>\u00a0sostiene sin apretar, y la <strong data-start=\"1857\" data-end=\"1875\">less regulable<\/strong> acompa\u00f1a tu cuerpo con total libertad.<br data-start=\"1914\" data-end=\"1917\" \/>Hecho a mano, con terminaciones \u00fanicas que aseguran un calce perfecto. Es lencer\u00eda pensada para mujeres que saben que el lujo est\u00e1 en los detalles.<\/p>\n<p>\ud83c\udf3a <em data-start=\"2306\" data-end=\"2358\">Est\u00e1s a un clic de sentirte divina, desde adentro.<\/em><br data-start=\"2358\" data-end=\"2361\" \/>\ud83d\udc49 <strong data-start=\"2364\" data-end=\"2449\">Sumalo a tu carrito ahora. \u00a1Unidades s\u00faper limitadas por su confecci\u00f3n artesanal!<\/strong><\/p>\n","protected":false},"excerpt":{"rendered":"<p>Conjunto Artesanal en Microtul con Flores en TerciopeloCorpi\u00f1o estilo top + less regulable. Hecho a mano. Sensualidad t\u00e1ctil. Este conjunto fue creado para que se sienta tan hermoso como se ve.\u2728 Dise\u00f1o exclusivo, edici\u00f3n limitada y 100% artesanal.Lo que ves, no se repite. Este conjunto est\u00e1 confeccionado en microtul liviano, con detalles de flores en [&hellip;]<\/p>\n","protected":false},"featured_media":4502,"comment_status":"open","ping_status":"closed","template":"","meta":{"_et_pb_use_builder":"","_et_pb_old_content":"","_et_gb_content_width":"","spay_email":"","jetpack_publicize_message":"","jetpack_is_tweetstorm":false,"jetpack_publicize_feature_enabled":true},"product_cat":[34],"product_tag":[],"jetpack-related-posts":[{"id":5280,"url":"https:\/\/www.cindylingerie.com.ar\/index.php\/producto\/set-pia\/","url_meta":{"origin":4212,"position":0},"title":"Set P\u00eda","date":"25 julio, 2025","format":false,"excerpt":"\ud83d\udc3e Instinto Salvaje \u2013 Conjunto Lencero en Microtul Animal Print Hecho a ManoCorpi\u00f1o estilo top + less regulable. Atrevido, c\u00f3modo y 100% artesanal. \u00bfSent\u00eds que la lencer\u00eda sexy no es c\u00f3moda, o que la c\u00f3moda no tiene onda?Este conjunto rompe esa regla: sensual, adaptable y hecho a mano para que\u2026","rel":"","context":"Entrada similar","img":{"alt_text":"","src":"https:\/\/i0.wp.com\/www.cindylingerie.com.ar\/wp-content\/uploads\/2025\/05\/IMG_3022-scaled.jpeg?fit=900%2C1200&ssl=1&resize=350%2C200","width":350,"height":200},"classes":[]},{"id":1404,"url":"https:\/\/www.cindylingerie.com.ar\/index.php\/producto\/set-asa\/","url_meta":{"origin":4212,"position":1},"title":"Set Asa","date":"10 mayo, 2025","format":false,"excerpt":"Cl\u00e1sico y Elegante: Conjunto Lencero con Corpi\u00f1o Forrado en Algod\u00f3n y Less Regulable \u00bfBuscas un conjunto de lencer\u00eda que combine la comodidad del algod\u00f3n con un ajuste cl\u00e1sico y sofisticado? Nuestro Set Asa es la elecci\u00f3n perfecta para quienes valoran el confort sin renunciar al estilo. El corpi\u00f1o forrado en\u2026","rel":"","context":"Entrada similar","img":{"alt_text":"","src":"https:\/\/i0.wp.com\/www.cindylingerie.com.ar\/wp-content\/uploads\/2022\/04\/DBE1E3E6-F950-4A71-A5E7-9D5C57F9D9D1-scaled.jpeg?fit=900%2C1200&ssl=1&resize=350%2C200","width":350,"height":200},"classes":[]},{"id":3105,"url":"https:\/\/www.cindylingerie.com.ar\/index.php\/producto\/carlota\/","url_meta":{"origin":4212,"position":2},"title":"Set Carlota","date":"8 marzo, 2024","format":false,"excerpt":"Conjunto en puntilla elastizada, bombi less regulable con doble tira en laterales.","rel":"","context":"Entrada similar","img":{"alt_text":"","src":"https:\/\/i0.wp.com\/www.cindylingerie.com.ar\/wp-content\/uploads\/2023\/06\/Tezza-5557-scaled.jpeg?fit=895%2C1200&ssl=1&resize=350%2C200","width":350,"height":200},"classes":[]},{"id":1106,"url":"https:\/\/www.cindylingerie.com.ar\/index.php\/producto\/set-sienna\/","url_meta":{"origin":4212,"position":3},"title":"Set Sienna","date":"13 marzo, 2026","format":false,"excerpt":"Conjunto taza soft tri\u00e1ngulo en una suave puntilla elastizada, bombi less regulable. C\u00f3modo delicado y sexy. \u00a0","rel":"","context":"Entrada similar","img":{"alt_text":"","src":"https:\/\/i0.wp.com\/www.cindylingerie.com.ar\/wp-content\/uploads\/2022\/01\/Tezza-8505-scaled.jpeg?fit=900%2C1200&ssl=1&resize=350%2C200","width":350,"height":200},"classes":[]},{"id":3848,"url":"https:\/\/www.cindylingerie.com.ar\/index.php\/producto\/set-jazmin\/","url_meta":{"origin":4212,"position":4},"title":"Set Jazm\u00edn","date":"5 diciembre, 2025","format":false,"excerpt":"Conjunto en puntilla elastizada con arco push up, forrado en algod\u00f3n. Bombi less regulable. C\u00f3modo y sexy como todas nuestras prendas.","rel":"","context":"Entrada similar","img":{"alt_text":"","src":"https:\/\/i0.wp.com\/www.cindylingerie.com.ar\/wp-content\/uploads\/2024\/02\/FullSizeRender_VSCO-1-scaled.jpeg?fit=848%2C1200&ssl=1&resize=350%2C200","width":350,"height":200},"classes":[]},{"id":6252,"url":"https:\/\/www.cindylingerie.com.ar\/index.php\/producto\/pack-annelise\/","url_meta":{"origin":4212,"position":5},"title":"Pack Annelise","date":"27 febrero, 2026","format":false,"excerpt":"Pack por 3 less regulables en puntilla y algod\u00f3n.","rel":"","context":"Entrada similar","img":{"alt_text":"","src":"https:\/\/i0.wp.com\/www.cindylingerie.com.ar\/wp-content\/uploads\/2026\/02\/IMG_6039-scaled.jpeg?fit=900%2C1200&ssl=1&resize=350%2C200","width":350,"height":200},"classes":[]}],"_links":{"self":[{"href":"https:\/\/www.cindylingerie.com.ar\/index.php\/wp-json\/wp\/v2\/product\/4212"}],"collection":[{"href":"https:\/\/www.cindylingerie.com.ar\/index.php\/wp-json\/wp\/v2\/product"}],"about":[{"href":"https:\/\/www.cindylingerie.com.ar\/index.php\/wp-json\/wp\/v2\/types\/product"}],"replies":[{"embeddable":true,"href":"https:\/\/www.cindylingerie.com.ar\/index.php\/wp-json\/wp\/v2\/comments?post=4212"}],"wp:featuredmedia":[{"embeddable":true,"href":"https:\/\/www.cindylingerie.com.ar\/index.php\/wp-json\/wp\/v2\/media\/4502"}],"wp:attachment":[{"href":"https:\/\/www.cindylingerie.com.ar\/index.php\/wp-json\/wp\/v2\/media?parent=4212"}],"wp:term":[{"taxonomy":"product_cat","embeddable":true,"href":"https:\/\/www.cindylingerie.com.ar\/index.php\/wp-json\/wp\/v2\/product_cat?post=4212"},{"taxonomy":"product_tag","embeddable":true,"href":"https:\/\/www.cindylingerie.com.ar\/index.php\/wp-json\/wp\/v2\/product_tag?post=4212"}],"curies":[{"name":"wp","href":"https:\/\/api.w.org\/{rel}","templated":true}]}}